lculate the remainder when 779702559 is divided by 17.
7
What is the remainder when 2875570 is divided by 67?
64
Calculate the remainder when 15206563 is divided by 115.
113
Calculate the remainder when 764 is divided by 646.
118
Calculate the remainder when 264655 is divided by 47.
45
Calculate the remainder when 1867401 is divided by 3598.
39
What is the remainder when 20115830 is divided by 286?
20
Calculate the remainder when 6309301 is divided by 191.
189
Calculate the remainder when 224107422 is divided by 623.
616
Calculate the remainder when 39514 is divided by 12384.
2362
What is the remainder when 1160648 is divided by 37?
32
What is the remainder when 363834 is divided by 361854?
1980
Calculate the remainder when 4167 is divided by 31.
13
What is the remainder when 199287 is divided by 235?
7
Calculate the remainder when 4061894 is divided by 23210.
144
Calculate the remainder when 6637102 is divided by 84.
10
What is the remainder when 5956231 is divided by 1028?
1027
What is the remainder when 2674127 is divided by 252?
155
What is the remainder when 58243909 is divided by 58243902?
7
What is the remainder when 396374 is divided by 364?
342
Calculate the remainder when 1114086 is divided by 23207.
150
What is the remainder when 910196 is divided by 303116?
848
Calculate the remainder when 249220 is divided by 929.
248
Calculate the remainder when 2297631 is divided by 2257.
5
What is the remainder when 5074159 is divided by 104?
103
What is the remainder when 5448341 is divided by 5448243?
98
Calculate the remainder when 308234 is divided by 7889.
563
Calculate the remainder when 86153516 is divided by 240.
236
Calculate the remainder when 379957 is divided by 3619.
3581
Calculate the remainder when 140981 is divided by 2073.
17
Calculate the remainder when 1497335 is divided by 95.
40
What is the remainder when 111705 is divided by 891?
330
Calculate the remainder when 87780 is divided by 756.
84
Calculate the remainder when 286120 is divided by 11002.
68
Calculate the remainder when 124080791 is divided by 124080785.
6
Calculate the remainder when 45111249 is divided by 3046.
3035
Calculate the remainder when 1234590 is divided by 2320.
350
What is the remainder when 2962437 is divided by 633?
630
Calculate the remainder when 7449136 is divided by 744912.
16
Calculate the remainder when 11009546 is divided by 2752386.
2
What is the remainder when 20275 is divided by 2029?
2014
What is the remainder when 46467066 is divided by 1152?
1146
What is the remainder when 1415638 is divided by 792?
334
Calculate the remainder when 2276019 is divided by 2888.
275
What is the remainder when 11450742 is divided by 589?
582
What is the remainder when 248228 is divided by 67?
60
Calculate the remainder when 14400080 is divided by 14.
2
Calculate the remainder when 35838 is divided by 34236.
1602
What is the remainder when 5446557 is divided by 195?
12
What is the remainder when 437547157 is divided by 37?
31
What is the remainder when 11017721 is divided by 138?
77
Calculate the remainder when 250716 is divided by 20874.
228
Calculate the remainder when 1040328 is divided by 14058.
36
Calculate the remainder when 179413288 is divided by 14.
12
What is the remainder when 289961 is divided by 207?
161
What is the remainder when 2322 is divided by 763?
33
What is the remainder when 56594396 is divided by 32?
28
What is the remainder when 3559514 is divided by 1397?
1355
What is the remainder when 40596 is divided by 4997?
620
Calculate the remainder when 277704273 is divided by 1025.
1023
What is the remainder when 10182450 is divided by 396?
102
Calculate the remainder when 47706433 is divided by 358.
69
What is the remainder when 1420309 is divided by 7137?
46
Calculate the remainder when 2482414 is divided by 22774.
48
What is the remainder when 2949026 is divided by 12?
2
What is the remainder when 318083 is divided by 79243?
1111
Calculate the remainder when 1345055 is divided by 448345.
20
Calculate the remainder when 1585777 is divided by 8713.
11
What is the remainder when 5539205733 is divided by 124?
121
What is the remainder when 341129 is divided by 4690?
3449
What is the remainder when 217854 is divided by 192?
126
Calculate the remainder when 84399858 is divided by 333.
9
What is the remainder when 96212 is divided by 406?
396
Calculate the remainder when 12346 is divided by 187.
4
What is the remainder when 1046778 is divided by 58?
52
What is the remainder when 17942218 is divided by 1774?
1756
Calculate the remainder when 20375129 is divided by 1378.
21
Calculate the remainder when 223018497 is divided by 5.
2
Calculate the remainder when 361003495 is divided by 38.
37
Calculate the remainder when 1068624 is divided by 368.
320
What is the remainder when 17061797 is divided by 3354?
3353
Calculate the remainder when 1007035 is divided by 929.
928
Calculate the remainder when 25440461 is divided by 148.
1
What is the remainder when 6284971 is divided by 3352?
3323
Calculate the remainder when 18410 is divided by 1476.
698
Calculate the remainder when 253811 is divided by 126889.
33
What is the remainder when 2195050 is divided by 146332?
70
What is the remainder when 213881 is divided by 728?
577
Calculate the remainder when 41353595 is divided by 21.
17
Calculate the remainder when 518705 is divided by 5696.
369
What is the remainder when 15262825 is divided by 2543801?
19
Calculate the remainder when 198635 is divided by 26641.
12148
Calculate the remainder when 4577812 is divided by 1525916.
64
What is the remainder when 78683 is divided by 3586?
3377
What is the remainder when 1205244 is divided by 602606?
32
Calculate the remainder when 2048727 is divided by 243.
237
Calculate the remainder when 230679974 is divided by 36.
2
What is the remainder when 36596761 is divided by 6?
1
What is the remainder when 69305 is divided by 23072?
89
Calculate the remainder when 343864 is divided by 38206.
10
What is the remainder when 6660466 is divided by 31?
23
Calculate the remainder when 5008206 is divided by 523.
481
Calculate the remainder when 266995090 is divided by 78.
76
What is the remainder when 548781389 is divided by 90?
89
Calculate the remainder when 187933 is divided by 445.
143
What is the remainder when 6847 is divided by 1712?
1711
Calculate the remainder when 89061549 is divided by 24.
21
Calculate the remainder when 82871 is divided by 27601.
68
What is the remainder when 14870766 is divided by 512785?
1
Calculate the remainder when 14644780 is divided by 15.
10
Calculate the remainder when 24130085 is divided by 62.
57
What is the remainder when 957055 is divided by 350?
155
Calculate the remainder when 4241119 is divided by 2120543.
33
What is the remainder when 28377699 is divided by 5741?
5677
What is the remainder when 1660268 is divided by 1660267?
1
Calculate the remainder when 362813 is divided by 449.
21
Calculate the remainder when 3108052 is divided by 2194.
1348
What is the remainder when 826434 is divided by 405?
234
What is the remainder when 4418150 is divided by 236?
230
Calculate the remainder when 5376556 is divided by 336032.
44
Calculate the remainder when 216819 is divided by 1192.
1067
Calculate the remainder when 123082261 is divided by 17583177.
22
Calculate the remainder when 6235448 is divided by 4525.
4523
What is the remainder when 1383379 is divided by 12152?
10203
Calculate the remainder when 3056017 is divided by 17.
12
Calculate the remainder when 4883041 is divided by 48.
1
What is the remainder when 432951 is divided by 49?
36
Calculate the remainder when 1832978 is divided by 1832835.
143
What is the remainder when 94948790 is divided by 433556?
26
What is the remainder when 18418138 is divided by 156?
154
What is the remainder when 96814 is divided by 1703?
1446
What is the remainder when 18693 is divided by 18683?
10
What is the remainder when 11777 is divided by 3569?
1070
Calculate the remainder when 17671533 is divided by 256109.
12
Calculate the remainder when 40032383 is divided by 295.
293
Calculate the remainder when 8482136 is divided by 47.
46
Calculate the remainder when 393585 is divided by 757.
702
Calculate the remainder when 724054 is divided by 241350.
4
Calcula